{"id":67,"date":"2016-04-18T10:23:25","date_gmt":"2016-04-18T10:23:25","guid":{"rendered":"http:\/\/brandexponents.com\/oshin\/v20\/?page_id=66"},"modified":"2025-04-01T14:03:49","modified_gmt":"2025-04-01T14:03:49","slug":"kontakt","status":"publish","type":"page","link":"https:\/\/steininger-ab.de\/index.php\/kontakt\/","title":{"rendered":"Kontakt"},"content":{"rendered":"<div  class=\"tatsu-fqowy0lnh65bm3xa tatsu-section  tatsu-video-section tatsu-bg-overlay   tatsu-clearfix\" data-title=\"\"  data-headerscheme=\"background--dark\"><div class='tatsu-section-pad clearfix' data-padding='{\"d\":\"401px 0% 514px 0%\"}' data-padding-top='401px'><div class=\"tatsu-row-wrap  tatsu-wrap tatsu-row-one-col tatsu-row-has-one-cols tatsu-medium-gutter tatsu-reg-cols  tatsu-clearfix tatsu-fqowy0lnhu8byvne\" ><div  class=\"tatsu-row \" ><div  class=\"tatsu-column  tatsu-bg-overlay tatsu-one-col tatsu-column-image-none tatsu-column-effect-none  tatsu-fqowy0lni02qbzxw\"  data-parallax-speed=\"0\" style=\"\"><div class=\"tatsu-column-inner \" ><div class=\"tatsu-column-pad-wrap\"><div class=\"tatsu-column-pad\" ><div  class=\"tatsu-single-image tatsu-module align-center tatsu-image-lazyload tatsu-B1QtZnxryx  \" ><div class=\"tatsu-single-image-inner \" style=\"width : 768px;\" ><div class = \"tatsu-single-image-padding-wrap\" style = \"padding-bottom : 12.5%;\" ><\/div><img class = \"tatsu-gradient-border\" alt = \"\" title = \"Steinger-logo-ohne-hintergrund_768x96 HELL\" data-src = \"https:\/\/steininger-ab.de\/wp-content\/uploads\/2025\/03\/Steinger-logo-ohne-hintergrund_768x96-HELL.png\" src =\"data:image\/png;base64,iVBORw0KGgoAAAANSUhEUgAAAAEAAAABCAQAAAC1HAwCAAAAC0lEQVR42mNkYAAAAAYAAjCB0C8AAAAASUVORK5CYII=\"  \/><\/div><style>.tatsu-B1QtZnxryx .tatsu-single-image-inner{border-style: solid;max-width: 100%;}.tatsu-B1QtZnxryx.tatsu-single-image{transform: translate3d(0px,0px, 0);}<\/style><\/div><div  class=\"tatsu-module tatsu-text-block-wrap tatsu-fqowy0lni6eynjax  \"><div class=\"tatsu-text-inner tatsu-align-center tatsu-animate clearfix\" data-animation=\"fadeIn\"  ><style>.tatsu-fqowy0lni6eynjax.tatsu-text-block-wrap .tatsu-text-inner{text-align: left;}<\/style>\n<h2 style=\"text-align: center;\"><span style=\"color: #ffffff;\">Kontaktieren Sie uns am besten pers\u00f6nlich<\/span><\/h2>\n<\/div><\/div><div  class=\"special-subtitle-wrap  tatsu-fqowy0lnm6erwj0e   tatsu-animate \" data-animation=\"fadeIn\"   ><div class=\"align-center\"><span class=\"special-subtitle\" >Wir h\u00f6ren gerne zu und freuen uns darauf, mit Ihnen \u00fcber Ihr Projekt zu sprechen. Stellen Sie uns Ihre Fragen und wir werden uns so schnell wie m\u00f6glich bei Ihnen melden.<br \/>\n<\/span><\/div><style>.tatsu-fqowy0lnm6erwj0e .special-subtitle{font-size: 20px;color: #888888 ;width: 100%;}.tatsu-fqowy0lnm6erwj0e.special-subtitle-wrap{margin-bottom: 30px;}<\/style><\/div><div  class=\"tatsu-empty-space  tatsu-fqowy0lnpfffb6mg  \" ><style>.tatsu-fqowy0lnpfffb6mg.tatsu-empty-space{height: 25px;}<\/style><\/div><\/div><\/div><div class = \"tatsu-column-bg-image-wrap\"><div class = \"tatsu-column-bg-image\" ><\/div><\/div><div class=\"tatsu-overlay tatsu-column-overlay tatsu-animate-none\" ><\/div><\/div><style>.tatsu-row > .tatsu-fqowy0lni02qbzxw.tatsu-column{width: 100%;}.tatsu-fqowy0lni02qbzxw.tatsu-column > .tatsu-column-inner > .tatsu-column-overlay{mix-blend-mode: normal;}.tatsu-fqowy0lni02qbzxw > .tatsu-column-inner > .tatsu-top-divider{z-index: 9999;}.tatsu-fqowy0lni02qbzxw > .tatsu-column-inner > .tatsu-bottom-divider{z-index: 9999;}.tatsu-fqowy0lni02qbzxw > .tatsu-column-inner > .tatsu-left-divider{z-index: 9999;}.tatsu-fqowy0lni02qbzxw > .tatsu-column-inner > .tatsu-right-divider{z-index: 9999;}<\/style><\/div><\/div><\/div><\/div><div class=\"tatsu-section-background-wrap\"><div class = \"tatsu-section-background\" ><\/div><\/div><video class=\"tatsu-bg-video\" autoplay=\"autoplay\" loop=\"loop\" muted=\"muted\" preload=\"auto\" playsinline webkit-playsinline><source src=\"https:\/\/steininger-ab.de\/wp-content\/uploads\/2024\/12\/0_Building_Architecture_1920x1080.mp4\" type=\"video\/mp4\"><\/video><div class=\"tatsu-overlay tatsu-section-overlay\"><\/div><style>.tatsu-fqowy0lnh65bm3xa.tatsu-section{background-color: #eaeaea;}.tatsu-fqowy0lnh65bm3xa .tatsu-section-background{background-image: url(https:\/\/steininger-ab.de\/wp-content\/uploads\/2024\/12\/Final_2.jpg);background-repeat: no-repeat;background-attachment: scroll;background-position: bottom center;background-size: cover;}.tatsu-fqowy0lnh65bm3xa .tatsu-bg-blur{background-repeat: no-repeat;background-attachment: scroll;background-position: bottom center;background-size: cover;}.tatsu-fqowy0lnh65bm3xa{border-width: 0px 0px px 0px;border-style: solid;}.tatsu-fqowy0lnh65bm3xa .tatsu-section-pad{padding: 401px 0% 514px 0%;}.tatsu-fqowy0lnh65bm3xa > .tatsu-bottom-divider{z-index: 9999;}.tatsu-fqowy0lnh65bm3xa > .tatsu-top-divider{z-index: 9999;}.tatsu-fqowy0lnh65bm3xa .tatsu-section-overlay{background: rgba(0,0,0,0.5);mix-blend-mode: normal;}<\/style><\/div><div  class=\"tatsu-fqowy0lnrz1mh5xv tatsu-section  tatsu-bg-overlay   tatsu-clearfix\" data-title=\"\"  data-headerscheme=\"background--dark\"><div class='tatsu-section-pad clearfix' data-padding='{\"d\":\"90px 0% 90px 0%\"}' data-padding-top='90px'><div class=\"tatsu-row-wrap  tatsu-wrap tatsu-row-one-col tatsu-row-has-one-cols tatsu-medium-gutter tatsu-reg-cols  tatsu-clearfix tatsu-fqowy0lns77vs2ay\" ><div  class=\"tatsu-row \" ><div  class=\"tatsu-column  tatsu-bg-overlay tatsu-one-col tatsu-animate tatsu-column-image-none tatsu-column-effect-none  tatsu-fqowy0lnsdamfkz6\" data-animation=\"flipInX\"   data-parallax-speed=\"0\" style=\"\"><div class=\"tatsu-column-inner \" ><div class=\"tatsu-column-pad-wrap\"><div class=\"tatsu-column-pad\" ><div class=\"oshine-module oshine-am-fh display-block  tatsu-fqowy0lnsoaa87zb\"><style>.tatsu-fqowy0lnsoaa87zb .animate-icon-module-style1-wrap{height: 200px;}.tatsu-fqowy0lnsoaa87zb .animate-icon-module-style1{margin-bottom: 10px;}<\/style><div class=\"animate-icon-module-style1-wrap-container\"><div class=\"animate-icon-module-style1-wrap clearfix\" data-gutter-width=\"10\"><a  href=\"https:\/\/maps.app.goo.gl\/jxXKWAENE5Hbs1i9A\" class=\"animate-icon-module-style1 be-bg-cover animate-icon-module  top-animate tatsu-fqowy0lnsu75ssty   \" ><style>.tatsu-fqowy0lnsu75ssty .font-icon{font-size: 50px;color: #222222 ;}.tatsu-fqowy0lnsu75ssty .title_content{color: #222222 ;}.tatsu-fqowy0lnsu75ssty{background-color: #f4f4f4;}<\/style><div class=\"animate-icon-module-normal-content\"><div class=\"display-table\"><div class=\"display-table-cell vertical-align-middle\"><i class=\"font-icon icon-icon_pin\" ><\/i><h6  class=\"title_content\" >B\u00fcro Geretsried<\/h6><\/div><\/div><\/div><div class=\"animate-icon-module-hover-content\"><div class=\"display-table\"><div class=\"display-table-cell vertical-align-middle\">\n<div class=\"tatsu-module tatsu-inline-text clearfix tatsu-r1n_68yTVJe   \">\n<div class=\"tatsu-inline-text-inner tatsu-align-center\">\n<h6 style=\"text-align: center;\"><strong>Karl-Lederer-Platz 13<\/strong><\/h6>\n<\/div>\n<\/div>\n<div class=\"tatsu-module tatsu-inline-text clearfix tatsu-rJTOTI16EJl   \">\n<div class=\"tatsu-inline-text-inner tatsu-align-center\">\n<h6 style=\"text-align: center;\"><strong>82538 Geretsried<\/strong><\/h6>\n<\/div>\n<\/div>\n<\/div><\/div><\/div><\/a><a  href=\"https:\/\/maps.app.goo.gl\/ge4qMr7qREtdM7hz9\" class=\"animate-icon-module-style1 be-bg-cover animate-icon-module  top-animate tatsu-ByJNk3xHkl   \" ><style>.tatsu-ByJNk3xHkl .font-icon{font-size: 50px;color: #222222 ;}.tatsu-ByJNk3xHkl .title_content{color: #222222 ;}.tatsu-ByJNk3xHkl{background-color: #f4f4f4;}<\/style><div class=\"animate-icon-module-normal-content\"><div class=\"display-table\"><div class=\"display-table-cell vertical-align-middle\"><i class=\"font-icon icon-icon_pin\" ><\/i><h6  class=\"title_content\" >B\u00fcro M\u00fcnchen<\/h6><\/div><\/div><\/div><div class=\"animate-icon-module-hover-content\"><div class=\"display-table\"><div class=\"display-table-cell vertical-align-middle\">\n<div>\n<h6><strong>Nymphenburger Stra\u00dfe 81<\/strong><\/h6>\n<\/div>\n<div>\n<h6><strong>80636 M\u00fcnchen<\/strong><\/h6>\n<\/div>\n<\/div><\/div><\/div><\/a><a  href=\"mailto:swami@brandexponents.com\" class=\"animate-icon-module-style1 be-bg-cover animate-icon-module  top-animate tatsu-fqowy0lnvezxx4y   \" ><style>.tatsu-fqowy0lnvezxx4y .font-icon{font-size: 50px;color: #222222 ;}.tatsu-fqowy0lnvezxx4y .title_content{color: #222222 ;}.tatsu-fqowy0lnvezxx4y{background-color: #f4f4f4;}<\/style><div class=\"animate-icon-module-normal-content\"><div class=\"display-table\"><div class=\"display-table-cell vertical-align-middle\"><i class=\"font-icon icon-email\" ><\/i><h6  class=\"title_content\" >Mail<\/h6><\/div><\/div><\/div><div class=\"animate-icon-module-hover-content\"><div class=\"display-table\"><div class=\"display-table-cell vertical-align-middle\">\n<h5><span style=\"color: #333333;\">info@steininger-ab.de<\/span><\/h5>\n<\/div><\/div><\/div><\/a><a  href=\"tel:+498171345670\" class=\"animate-icon-module-style1 be-bg-cover animate-icon-module  top-animate tatsu-fqowy0lnyb95806l   \" ><style>.tatsu-fqowy0lnyb95806l .font-icon{font-size: 50px;color: #222222 ;}.tatsu-fqowy0lnyb95806l .title_content{color: #222222 ;}.tatsu-fqowy0lnyb95806l{background-color: #f4f4f4;}<\/style><div class=\"animate-icon-module-normal-content\"><div class=\"display-table\"><div class=\"display-table-cell vertical-align-middle\"><i class=\"font-icon icon-icon_phone\" ><\/i><h6  class=\"title_content\" >Telefon<\/h6><\/div><\/div><\/div><div class=\"animate-icon-module-hover-content\"><div class=\"display-table\"><div class=\"display-table-cell vertical-align-middle\">\n<h5 data-id=\"6ff714e\" data-element_type=\"widget\" data-widget_type=\"heading.default\">+49 8171 345 67 \u2013 0<\/h5>\n<\/div><\/div><\/div><\/a><\/div><\/div><\/div><\/div><\/div><div class = \"tatsu-column-bg-image-wrap\"><div class = \"tatsu-column-bg-image\" ><\/div><\/div><div class=\"tatsu-overlay tatsu-column-overlay tatsu-animate-none\" ><\/div><\/div><style>.tatsu-row > .tatsu-fqowy0lnsdamfkz6.tatsu-column{width: 100%;}.tatsu-fqowy0lnsdamfkz6.tatsu-column > .tatsu-column-inner > .tatsu-column-pad-wrap > .tatsu-column-pad{padding: 10px 10px 10px 10px;}.tatsu-fqowy0lnsdamfkz6.tatsu-column{margin: 0px 0px  0px !important;}.tatsu-fqowy0lnsdamfkz6.tatsu-column > .tatsu-column-inner > .tatsu-column-overlay{mix-blend-mode: normal;}.tatsu-fqowy0lnsdamfkz6 > .tatsu-column-inner > .tatsu-top-divider{z-index: 9999;}.tatsu-fqowy0lnsdamfkz6 > .tatsu-column-inner > .tatsu-bottom-divider{z-index: 9999;}.tatsu-fqowy0lnsdamfkz6 > .tatsu-column-inner > .tatsu-left-divider{z-index: 9999;}.tatsu-fqowy0lnsdamfkz6 > .tatsu-column-inner > .tatsu-right-divider{z-index: 9999;}<\/style><\/div><\/div><\/div><div class=\"tatsu-row-wrap  tatsu-wrap tatsu-row-has-one-half tatsu-row-has-two-cols tatsu-medium-gutter tatsu-reg-cols  tatsu-clearfix tatsu-fqowy0lo103890yg\" ><div  class=\"tatsu-row \" ><div  class=\"tatsu-column  tatsu-bg-overlay tatsu-one-half tatsu-animate tatsu-column-image-none tatsu-column-effect-none  tatsu-fqowy0lo1k5rbv7o\" data-animation=\"flipInX\"   data-parallax-speed=\"0\" style=\"\"><div class=\"tatsu-column-inner \" ><div class=\"tatsu-column-pad-wrap\"><div class=\"tatsu-column-pad\" ><div  class=\"tatsu-module tatsu-text-block-wrap tatsu-fqowy0lo25ai17th  \"><div class=\"tatsu-text-inner tatsu-align-center tatsu-animate clearfix\" data-animation=\"fadeIn\"  ><style>.tatsu-fqowy0lo25ai17th.tatsu-text-block-wrap .tatsu-text-inner{text-align: left;}<\/style>\n<h6>POST YOUR QUERY<\/h6>\n<\/div><\/div><div  class=\"tatsu-empty-space  tatsu-fqowy0lo4i7st9pk  \" ><style>.tatsu-fqowy0lo4i7st9pk.tatsu-empty-space{height: 10px;}<\/style><\/div><\/div><\/div><div class = \"tatsu-column-bg-image-wrap\"><div class = \"tatsu-column-bg-image\" ><\/div><\/div><div class=\"tatsu-overlay tatsu-column-overlay tatsu-animate-none\" ><\/div><\/div><style>.tatsu-row > .tatsu-fqowy0lo1k5rbv7o.tatsu-column{width: 50%;}.tatsu-fqowy0lo1k5rbv7o.tatsu-column > .tatsu-column-inner > .tatsu-column-pad-wrap > .tatsu-column-pad{padding: 0% 0% 0% 0%;}.tatsu-fqowy0lo1k5rbv7o.tatsu-column{margin: 0px 0px  0px !important;}.tatsu-fqowy0lo1k5rbv7o.tatsu-column > .tatsu-column-inner > .tatsu-column-overlay{mix-blend-mode: normal;}.tatsu-fqowy0lo1k5rbv7o > .tatsu-column-inner > .tatsu-top-divider{z-index: 9999;}.tatsu-fqowy0lo1k5rbv7o > .tatsu-column-inner > .tatsu-bottom-divider{z-index: 9999;}.tatsu-fqowy0lo1k5rbv7o > .tatsu-column-inner > .tatsu-left-divider{z-index: 9999;}.tatsu-fqowy0lo1k5rbv7o > .tatsu-column-inner > .tatsu-right-divider{z-index: 9999;}@media only screen and (max-width: 767px) {.tatsu-row > .tatsu-fqowy0lo1k5rbv7o.tatsu-column{width: 100%;}}<\/style><\/div><div  class=\"tatsu-column  tatsu-bg-overlay tatsu-one-half tatsu-animate tatsu-column-image-none tatsu-column-effect-none  tatsu-fqowy0lo9cfj1fye\" data-animation=\"flipInX\"   data-parallax-speed=\"0\" style=\"\"><div class=\"tatsu-column-inner \" ><div class=\"tatsu-column-pad-wrap\"><div class=\"tatsu-column-pad\" ><div  class=\"tatsu-module tatsu-text-block-wrap tatsu-fqowy0lo9o5q8okn  \"><div class=\"tatsu-text-inner tatsu-align-center tatsu-animate clearfix\" data-animation=\"fadeIn\"  ><style>.tatsu-fqowy0lo9o5q8okn.tatsu-text-block-wrap .tatsu-text-inner{text-align: left;}<\/style>\n<h6>OUR OFFICE<\/h6>\n<\/div><\/div><div  class=\"tatsu-empty-space  tatsu-fqowy0locl3avpjd  \" ><style>.tatsu-fqowy0locl3avpjd.tatsu-empty-space{height: 10px;}<\/style><\/div><\/div><\/div><div class = \"tatsu-column-bg-image-wrap\"><div class = \"tatsu-column-bg-image\" ><\/div><\/div><div class=\"tatsu-overlay tatsu-column-overlay tatsu-animate-none\" ><\/div><\/div><style>.tatsu-row > .tatsu-fqowy0lo9cfj1fye.tatsu-column{width: 50%;}.tatsu-fqowy0lo9cfj1fye.tatsu-column > .tatsu-column-inner > .tatsu-column-pad-wrap > .tatsu-column-pad{padding: 0% 0% 0% 0%;}.tatsu-fqowy0lo9cfj1fye.tatsu-column{margin: 0px 0px  0px !important;}.tatsu-fqowy0lo9cfj1fye.tatsu-column > .tatsu-column-inner > .tatsu-column-overlay{mix-blend-mode: normal;}.tatsu-fqowy0lo9cfj1fye > .tatsu-column-inner > .tatsu-top-divider{z-index: 9999;}.tatsu-fqowy0lo9cfj1fye > .tatsu-column-inner > .tatsu-bottom-divider{z-index: 9999;}.tatsu-fqowy0lo9cfj1fye > .tatsu-column-inner > .tatsu-left-divider{z-index: 9999;}.tatsu-fqowy0lo9cfj1fye > .tatsu-column-inner > .tatsu-right-divider{z-index: 9999;}@media only screen and (max-width: 767px) {.tatsu-row > .tatsu-fqowy0lo9cfj1fye.tatsu-column{width: 100%;}}<\/style><\/div><\/div><\/div><\/div><div class=\"tatsu-section-background-wrap\"><div class = \"tatsu-section-background\" ><\/div><\/div><div class=\"tatsu-overlay tatsu-section-overlay\"><\/div><style>.tatsu-fqowy0lnrz1mh5xv.tatsu-section{background-color: rgba(31,31,31,1);}.tatsu-fqowy0lnrz1mh5xv .tatsu-section-pad{padding: 90px 0% 90px 0%;}.tatsu-fqowy0lnrz1mh5xv > .tatsu-bottom-divider{z-index: 9999;}.tatsu-fqowy0lnrz1mh5xv > .tatsu-top-divider{z-index: 9999;}.tatsu-fqowy0lnrz1mh5xv .tatsu-section-overlay{mix-blend-mode: normal;}<\/style><\/div><div  class=\"tatsu-H1BGbher1x tatsu-section  tatsu-bg-overlay   tatsu-clearfix\" data-title=\"\"  data-headerscheme=\"background--dark\"><div class='tatsu-section-pad clearfix' data-padding='{\"d\":\"56px 0% 309px 0%\"}' data-padding-top='56px'><div class=\"tatsu-row-wrap  tatsu-wrap tatsu-row-one-col tatsu-row-has-one-cols tatsu-medium-gutter tatsu-reg-cols  tatsu-clearfix tatsu-rkeBfWhgr1e\" ><div  class=\"tatsu-row \" ><div  class=\"tatsu-column  tatsu-bg-overlay tatsu-one-col tatsu-column-image-none tatsu-column-effect-none  tatsu-SyZHMZngrkl\"  data-parallax-speed=\"0\" style=\"\"><div class=\"tatsu-column-inner \" ><div class=\"tatsu-column-pad-wrap\"><div class=\"tatsu-column-pad\" ><div  class=\"tatsu-empty-space  tatsu-rJVrMZ2xS1g  \" ><style>.tatsu-rJVrMZ2xS1g.tatsu-empty-space{height: 25px;}<\/style><\/div><div class=\"tatsu-row-wrap  tatsu-row-has-one-half tatsu-row-has-two-cols tatsu-medium-gutter tatsu-reg-cols tatsu-inner-row-wrap  tatsu-clearfix tatsu-B1gxpJdo31g\" ><div  class=\"tatsu-row \" ><div  class=\"tatsu-column  tatsu-bg-overlay tatsu-one-half tatsu-column-image- tatsu-column-effect-  tatsu-Skfa1djnJl\"  data-parallax-speed=\"0\" style=\"\"><div class=\"tatsu-column-inner \" ><div class=\"tatsu-column-pad-wrap\"><div class=\"tatsu-column-pad\" ><div  class=\"tatsu-single-image tatsu-module tatsu-image-lazyload tatsu-Bk2me_jnkl  \" ><div class=\"tatsu-single-image-inner \" style=\"width : 2100px;\" ><div class = \"tatsu-single-image-padding-wrap\" style = \"padding-bottom : 66.666666666667%;\" ><\/div><img class = \"tatsu-gradient-border\" alt = \"\" title = \"Manfred &#038; Daniel\" data-src = \"https:\/\/steininger-ab.de\/wp-content\/uploads\/2025\/03\/Manfred-Daniel.jpg\" src =\"data:image\/png;base64,iVBORw0KGgoAAAANSUhEUgAAAAEAAAABCAQAAAC1HAwCAAAAC0lEQVR42mNkYAAAAAYAAjCB0C8AAAAASUVORK5CYII=\"  \/><\/div><style>.tatsu-Bk2me_jnkl .tatsu-single-image-inner{border-style: solid;max-width: 100%;}.tatsu-Bk2me_jnkl.tatsu-single-image{transform: translate3d(0px,0px, 0);}<\/style><\/div><\/div><\/div><div class = \"tatsu-column-bg-image-wrap\"><div class = \"tatsu-column-bg-image\" ><\/div><\/div><div class=\"tatsu-overlay tatsu-column-overlay tatsu-animate-none\" ><\/div><\/div><style>.tatsu-row > .tatsu-Skfa1djnJl.tatsu-column{width: 50%;}.tatsu-Skfa1djnJl.tatsu-column > .tatsu-column-inner > .tatsu-column-overlay{mix-blend-mode: normal;}.tatsu-Skfa1djnJl > .tatsu-column-inner > .tatsu-top-divider{z-index: 9999;}.tatsu-Skfa1djnJl > .tatsu-column-inner > .tatsu-bottom-divider{z-index: 9999;}.tatsu-Skfa1djnJl > .tatsu-column-inner > .tatsu-left-divider{z-index: 9999;}.tatsu-Skfa1djnJl > .tatsu-column-inner > .tatsu-right-divider{z-index: 9999;}@media only screen and (max-width:1377px) {.tatsu-row > .tatsu-Skfa1djnJl.tatsu-column{width: 50%;}}@media only screen and (min-width:768px) and (max-width: 1024px) {.tatsu-row > .tatsu-Skfa1djnJl.tatsu-column{width: 50%;}}@media only screen and (max-width: 767px) {.tatsu-row > .tatsu-Skfa1djnJl.tatsu-column{width: 100%;}}<\/style><\/div><div  class=\"tatsu-column  tatsu-bg-overlay tatsu-one-half tatsu-column-image- tatsu-column-effect-  tatsu-HkxfTkdonJl\"  data-parallax-speed=\"0\" style=\"\"><div class=\"tatsu-column-inner \" ><div class=\"tatsu-column-pad-wrap\"><div class=\"tatsu-column-pad\" ><div  class=\"tatsu-module tatsu-text-block-wrap tatsu-B1GHzbngHkx  \"><div class=\"tatsu-text-inner tatsu-align-center tatsu-animate clearfix\" data-animation=\"fadeIn\"  ><style>.tatsu-B1GHzbngHkx.tatsu-text-block-wrap .tatsu-text-inner{text-align: left;}<\/style>\n<h2 style=\"text-align: center;\"><span style=\"color: #ffffff;\">Wir freuen uns auf Sie!\u00a0<\/span><\/h2>\n<\/div><\/div><div  class=\"tatsu-single-image tatsu-module tatsu-image-lazyload tatsu-H1dTJ_shyx  \" ><div class=\"tatsu-single-image-inner \" style=\"width : 768px;\" ><div class = \"tatsu-single-image-padding-wrap\" style = \"padding-bottom : 12.5%;\" ><\/div><img class = \"tatsu-gradient-border\" alt = \"\" title = \"Steinger-logo-ohne-hintergrund_768x96 HELL\" data-src = \"https:\/\/steininger-ab.de\/wp-content\/uploads\/2025\/03\/Steinger-logo-ohne-hintergrund_768x96-HELL.png\" src =\"data:image\/png;base64,iVBORw0KGgoAAAANSUhEUgAAAAEAAAABCAQAAAC1HAwCAAAAC0lEQVR42mNkYAAAAAYAAjCB0C8AAAAASUVORK5CYII=\"  \/><\/div><style>.tatsu-H1dTJ_shyx .tatsu-single-image-inner{border-style: solid;max-width: 100%;}.tatsu-H1dTJ_shyx.tatsu-single-image{transform: translate3d(0px,0px, 0);}<\/style><\/div><\/div><\/div><div class = \"tatsu-column-bg-image-wrap\"><div class = \"tatsu-column-bg-image\" ><\/div><\/div><div class=\"tatsu-overlay tatsu-column-overlay tatsu-animate-none\" ><\/div><\/div><style>.tatsu-row > .tatsu-HkxfTkdonJl.tatsu-column{width: 50%;}.tatsu-HkxfTkdonJl.tatsu-column > .tatsu-column-inner > .tatsu-column-overlay{mix-blend-mode: normal;}.tatsu-HkxfTkdonJl > .tatsu-column-inner > .tatsu-top-divider{z-index: 9999;}.tatsu-HkxfTkdonJl > .tatsu-column-inner > .tatsu-bottom-divider{z-index: 9999;}.tatsu-HkxfTkdonJl > .tatsu-column-inner > .tatsu-left-divider{z-index: 9999;}.tatsu-HkxfTkdonJl > .tatsu-column-inner > .tatsu-right-divider{z-index: 9999;}@media only screen and (max-width:1377px) {.tatsu-row > .tatsu-HkxfTkdonJl.tatsu-column{width: 50%;}}@media only screen and (min-width:768px) and (max-width: 1024px) {.tatsu-row > .tatsu-HkxfTkdonJl.tatsu-column{width: 50%;}}@media only screen and (max-width: 767px) {.tatsu-row > .tatsu-HkxfTkdonJl.tatsu-column{width: 100%;}}<\/style><\/div><\/div><\/div><\/div><\/div><div class = \"tatsu-column-bg-image-wrap\"><div class = \"tatsu-column-bg-image\" ><\/div><\/div><div class=\"tatsu-overlay tatsu-column-overlay tatsu-animate-none\" ><\/div><\/div><style>.tatsu-row > .tatsu-SyZHMZngrkl.tatsu-column{width: 100%;}.tatsu-SyZHMZngrkl.tatsu-column > .tatsu-column-inner > .tatsu-column-overlay{mix-blend-mode: normal;}.tatsu-SyZHMZngrkl > .tatsu-column-inner > .tatsu-top-divider{z-index: 9999;}.tatsu-SyZHMZngrkl > .tatsu-column-inner > .tatsu-bottom-divider{z-index: 9999;}.tatsu-SyZHMZngrkl > .tatsu-column-inner > .tatsu-left-divider{z-index: 9999;}.tatsu-SyZHMZngrkl > .tatsu-column-inner > .tatsu-right-divider{z-index: 9999;}<\/style><\/div><\/div><\/div><\/div><div class=\"tatsu-section-background-wrap\"><div class = \"tatsu-section-background\" ><\/div><\/div><div class=\"tatsu-overlay tatsu-section-overlay\"><\/div><style>.tatsu-H1BGbher1x.tatsu-section{background-color: #222222;}.tatsu-H1BGbher1x{border-width: 0px 0px px 0px;border-style: solid;}.tatsu-H1BGbher1x .tatsu-section-pad{padding: 56px 0% 309px 0%;}.tatsu-H1BGbher1x > .tatsu-bottom-divider{z-index: 9999;}.tatsu-H1BGbher1x > .tatsu-top-divider{z-index: 9999;}.tatsu-H1BGbher1x .tatsu-section-overlay{mix-blend-mode: normal;}<\/style><\/div>\n","protected":false},"excerpt":{"rendered":"<p><a href=\"https:\/\/steininger-ab.de\/index.php\/kontakt\/\" class=\"more-link style1-button\">Read More<\/a><\/p>","protected":false},"author":2,"featured_media":0,"parent":0,"menu_order":0,"comment_status":"closed","ping_status":"closed","template":"","meta":{"slim_seo":{"title":"Kontakt - Architekturb\u00fcro","description":"Kontaktieren Sie uns am besten pers\u00f6nlich Wir h\u00f6ren gerne zu und freuen uns darauf, mit Ihnen \u00fcber Ihr Projekt zu sprechen. Stellen Sie uns Ihre Fragen und wir"},"footnotes":""},"class_list":["post-67","page","type-page","status-publish","hentry"],"_links":{"self":[{"href":"https:\/\/steininger-ab.de\/index.php\/wp-json\/wp\/v2\/pages\/67","targetHints":{"allow":["GET"]}}],"collection":[{"href":"https:\/\/steininger-ab.de\/index.php\/wp-json\/wp\/v2\/pages"}],"about":[{"href":"https:\/\/steininger-ab.de\/index.php\/wp-json\/wp\/v2\/types\/page"}],"author":[{"embeddable":true,"href":"https:\/\/steininger-ab.de\/index.php\/wp-json\/wp\/v2\/users\/2"}],"replies":[{"embeddable":true,"href":"https:\/\/steininger-ab.de\/index.php\/wp-json\/wp\/v2\/comments?post=67"}],"version-history":[{"count":20,"href":"https:\/\/steininger-ab.de\/index.php\/wp-json\/wp\/v2\/pages\/67\/revisions"}],"predecessor-version":[{"id":606,"href":"https:\/\/steininger-ab.de\/index.php\/wp-json\/wp\/v2\/pages\/67\/revisions\/606"}],"wp:attachment":[{"href":"https:\/\/steininger-ab.de\/index.php\/wp-json\/wp\/v2\/media?parent=67"}],"curies":[{"name":"wp","href":"https:\/\/api.w.org\/{rel}","templated":true}]}}